ppose 0 = 3*h + 3 + 6. Is (h - -2)/(14/(-18074)) a prime number?
True
Let g = 9903 - 16982. Let l = g - -12460. Is l a prime number?
True
Let j(s) = -7*s + 22. Let k be j(13). Is 3/9 + (-61594)/k prime?
False
Suppose 4*r - 3*w + 15 = 0, 4*r + 20 = 6*r + 4*w. Is (1 + r)*(5027 - (-8 - -14)) a composite number?
False
Suppose 84621 = 5*x + 4*k - 111593, 39238 = x - 4*k. Suppose 17*s + x = 286473. Is s a composite number?
False
Suppose -2*u = 2*h - 676400, -5*u - 676407 = 30*h - 32*h. Is h a prime number?
False
Suppose 14*y = 179 - 137. Suppose -4*b - y*c = -59677, 3*c = b + 1942 - 16880. Is b a prime number?
True
Let q(v) = -2183*v**3 - 2*v**2 - 8*v - 7. Let b be q(-1). Suppose 3*m - 5813 = -4*j, -3651 = -3*m + j + b. Is m composite?
True
Let a = -48 + 78. Suppose -2*n = -2, n - a = -3*x + 307. Is 2342*(1/(-8) - (-70)/x) a composite number?
False
Let v = -714147 + 1037270. Is v a composite number?
False
Let o(f) be the first derivative of -416*f**2 + 31*f + 15. Let x(l) = 8*l - 4. Let k be x(0). Is o(k) a composite number?
False
Suppose 4*y = -28, -213*o + 212*o = -y - 7244. Is o a prime number?
True
Suppose -157 = -c - 3*o + 148, 5*o - 1565 = -5*c. Let u = 543 - c. Let m = 489 - u. Is m composite?
False
Suppose 2*f - 1034993 = a, 345414 + 1207058 = 3*f + a. Is f composite?
True
Let w = 19 - -39. Let b = 65 - w. Is (-7)/2*(-6)/b - -146 prime?
True
Is ((-297)/165)/(1819149/(-454785) + 4) a composite number?
True
Suppose 0 = -2*i + i + 2, -3*q + 4 = -4*i. Suppose -3*m - 2 = 1, 3*u - 3*m - 18 = 0. Suppose 0 = u*o - q*o - 65. Is o a composite number?
True
Let d(o) = o + 33. Let i be d(-25). Suppose 0 = i*r - 7*r - 5167. Is r composite?
False
Let a be 63024/27 + (-10)/45. Let r(j) = j**3 - 10*j**2 + 11. Let d be r(10). Suppose d*m = 5*m + a. Is m a prime number?
True
Let k = 13689 - 917. Suppose 5*t - 7683 - k = 0. Is t a prime number?
True
Let i(a) = a**2 - 1. Let l(d) = -41*d**3 - d**2 - 4*d - 5. Let f(z) = -3*i(z) - l(z). Suppose 0 = 2*v - 4, -4*g + 4*v + 4 = -0. Is f(g) a prime number?
True
Suppose 82276538 - 489822036 = -278*c. Is c a prime number?
True
Let y(l) = 5*l**3 + 6*l**2 - 7*l - 7. Let p = 7 + 11. Suppose -7*o + 10 = -p. Is y(o) a prime number?
False
Let p = -100563 + 212446. Is p composite?
True
Let b = 272 + -280. Let l(n) = -22*n**3 - 3*n**2 + 19*n + 53. Is l(b) composite?
False
Suppose 50*i = 21*i + 22*i + 93877. Is i a prime number?
True
Is 405178 - (460 + 2)/22 a composite number?
False
Let d(n) = -4*n**2 + 3*n + 3339. Let c be d(0). Suppose c + 4064 = 11*w. Is w a prime number?
True
Let a(v) = -3 + 2 + 156*v**3 + 2*v**2 + 0*v**2. Suppose 5*q = 4*y + 6*q - 5, -2*q + 6 = 4*y. Is a(y) a composite number?
False
Let n(z) = -2*z**2 - 7*z - 3. Let r be n(-3). Let d be r + 0 - (-7195)/5. Is d - (-1 + 1) - 2 a prime number?
False
Let v be (-2)/((30/(-25))/3). Let r(n) = 291*n**2 + 8*n - 6. Is r(v) a prime number?
True
Let c be ((-4)/(-8))/((-11)/(-47630)). Is (5 - 8)*2/(-3) + c prime?
False
Let k(p) = 9*p**3 - 4*p**2 - 9*p + 13. Suppose -5*g = 3*m - 30, -4*g - 3*m = -29 + 5. Is k(g) prime?
True
Let f(d) = -73*d**3 - 29*d**2 + 90*d + 131. Is f(-32) prime?
True
Let f = 149036 + -52713. Is f composite?
False
Let n = 56 + -50. Suppose -4*a + n*a = -t - 9, 0 = -5*a + 2*t - 45. Is (-17148)/(-30) - (2 + a/5) a composite number?
False
Let o be (154*1 - -2) + 2. Suppose -21*c - 21*c = 0. Suppose t - 3*t - 4*g + 158 = c, -2*t + o = 3*g. Is t prime?
True
Let f(m) = 3*m**3 + 10*m**2 + 9*m + 17. Let b be f(-7). Let t be b/(-2) + ((-15)/10)/3. Suppose 0 = -5*j + 15, 0 = -w + 2*w - 5*j - t. Is w a prime number?
True
Let z(n) = -4396*n - 1451. Is z(-9) a prime number?
True
Let q(t) = t**3 + 6*t**2 - 6*t + 16. Let s be q(-7). Suppose -5 = -s*a + 8*a, 409 = 3*j - a. Let w = j - -19. Is w composite?
False
Let a = 499638 - 327239. Is a a composite number?
False
Let a = -12429 + 46922. Is a composite?
True
Let r be (-6)/4*(-22)/(-33). Let n(s) be the third derivative of 479*s**5/60 + s**4/24 + s**3/6 - 9*s**2. Is n(r) a prime number?
True
Let n = 56 - 60. Let z be n/(-2) + 1/(1/(-382)). Let a = z - -847. Is a a prime number?
True
Is (4149 + 7 + 6)/(-4 + 6) a prime number?
True
Suppose 1995921 = 4*l + 5*y, 1496927 = -18*l + 21*l + y. Suppose 30*k - 22336 - l = 0. Is k composite?
False
Suppose -4*k - 28 = -124. Let l(u) = -u**3 + 32*u**2 - 52*u + 5. Is l(k) prime?
False
Let c(l) = -8*l + 9. Let j be c(3). Let r be (((-86)/(-5))/1)/((-6)/j). Let q = 208 + r. Is q a composite number?
False
Suppose -2*y + 228 = 4*y. Let j = y - 32. Let p(i) = 10*i**2 + 3*i - 5. Is p(j) a composite number?
False
Let k(l) = 108602*l**2 - 29*l. Is k(-1) prime?
True
Let g(z) = -39*z + 32 - 1 + 3*z. Suppose -228*q + 227*q = 8. Is g(q) prime?
False
Let z = -22563 + 15928. Let c = z + 13438. Is c composite?
False
Suppose 3111373 = 817*a - 690*a. Is a prime?
True
Suppose 0*r - 4*x - 18 = -2*r, -4*x = 4. Suppose -r*l = -12*l. Suppose l = 5*m - 838 + 93. Is m a prime number?
True
Let y = -850695 + 1447490. Is y prime?
False
Let q = 4205 + -2104. Is q a prime number?
False
Suppose 57*i - 2539756 - 1983137 = 0. Is i prime?
True
Let q(l) be the third derivative of -2*l**6/15 - l**5/60 + l**4/4 + 3*l**3/2 - 12*l**2 - 1. Is q(-4) a prime number?
False
Let b(z) be the third derivative of z**7/45 + z**6/90 - 11*z**5/120 + 5*z**4/8 - 13*z**2. Let y(f) be the second derivative of b(f). Is y(6) composite?
False
Let j(i) = -198*i - 3. Let f be j(-5). Suppose -21*c + 18*c - f = 0. Let v = c + 694. Is v prime?
False
Let g(v) = 281*v**2 - 12*v + 1. Let b be g(-7). Suppose -8*m = -b + 758. Is m prime?
True
Let y be (3/((-27)/354))/(2/(-15)). Suppose 0 = 6*w - 9*w + 4491. Let f = w - y. Is f composite?
True
Let s = -375 - -394. Suppose -s*l + 17*l + 13666 = 0. Is l composite?
False
Let q = -3139 + 8583. Is (q/10)/(2/5) prime?
True
Suppose 4*g = d - 6 - 11, -16 = -4*d + 3*g. Let t = 4 - d. Suppose 0*o - t*o + l + 5540 = 0, -5*l = 4*o - 7393. Is o prime?
True
Let s = -263893 - -373554. Is s prime?
True
Suppose 4*d = -3*b + 8, 0*b + 6 = 3*d - 4*b. Let w be (1 + d - 11)/(-1) - 3. Suppose w*i = 1403 - 108. Is i a composite number?
True
Is 27/12*(-5952276)/(-297) composite?
True
Let y be (-7)/(91/(-2)) + 67006/(-26). Let j = -2098 + y. Let i = 6620 + j. Is i a composite number?
True
Let z(b) = 367*b**2 - 914*b + 14. Is z(7) prime?
False
Let y be (-2)/16 + (-34)/16*-1. Suppose 2*a - y*u - 1492 = 0, -3*u + 2*u = 3*a - 2226. Is a a prime number?
True
Suppose 625489 = 56*x - 128327. Suppose -8186 - x = -d. Is d prime?
True
Suppose 3*k + 7*k - 286076 - 328334 = 0. Is k a prime number?
True
Let r = 30 - 56. Let p = r - -23. Is 409 - 0/(p - -4) composite?
False
Let w(c) = 159*c**3 - c**2 - 29*c + 187. Is w(6) a composite number?
True
Let i(n) = 4 - n**2 - 14 + 46*n - 53*n. Let x be i(-4). Suppose 0 = -x*m + 5*l + 221, 0*m = -2*m + 3*l + 215. Is m a composite number?
False
Suppose 13927 = 9*w - 183092. Is (-5 - (1 - 9))/(9/w) composite?
False
Let i(a) = -36*a - 140. Let p be i(-4). Suppose 0 = -2*b - 1 - 7, 3*u + p*b = 1421. Is u prime?
True
Suppose -2*q = -2*w + 2108, 2*w + 2*q = -w + 3157. Let n = w + -646. Is n a composite number?
True
Suppose 0 = 5*m - 3*m - 4. Suppose 11 = -0*a + a - m*n, 5*n + 25 = 0. Is a + 22848/49 - (-2)/(-7) composite?
False
Let s = -364 + 657. Let o(y) = 61*y - 346. Let x be o(6). Suppose x*w = 19*w + s. Is w a composite number?
False
Let d(f) = 141*f**2 - 3*f - 1. Suppose 5*w = -5*k + 35, -5*w - 3*k - 5 = -8*k. Is d(w) a composite number?
False
Suppose 793*j = 826*j - 963633. Is j prime?
True
Is (1/(4/146915))/(562/2248) a prime number?
False
Suppose 958*f - 794*f = 152683836. Is f a prime number?
False
Is ((-80)/240)/(1/(-44349)) a composite number?
False
Let q(d) = 10297*d**2 - 20*d - 74. Is q(3) prime?
False
Let x = 40 + -50. Let y be (-3813)/(-15) + 2/x. Is (y/(-6))/((-1)/3) a composite number?
False
Let h = -9347 + 37880. Is h prime?
False
Is (479/(-2395))/((-3)/((-30)/4))*-593938 a composite number?
False
Let j be (0 - 6/(-4))/(27/90). Suppose j = 2*z - 249. Is z prime?
True
Suppose -8*i - i + 73359 = 0. Let g = 12827 - i. Let q = g - 3045. Is q prime?
False
Let h = 638634 - 85985. Is h a prime number?
True
Let h = 4635 - 3037. Let v = h - 391. Is v prime?
False
Let g(s) = s**3 + 25